t + 2*j = -158, -4*t - 125 = 3*j - 0*j. Let m = 23 - t. List the prime factors of m.
5, 11
Suppose -16*z = -11*z - 380. Suppose -4*f = -z - 304. List the prime factors of f.
5, 19
Suppose -3*j = r - 824, 973 + 129 = 4*j + 3*r. List the prime factors of (j/(-6))/(4/(-12)).
137
Suppose 4*k - 17 = -5*o, 23*o = 2*k + 25*o - 8. What are the prime factors of k?
3
Suppose 0 = -3*x + 18 - 0. Suppose x*k + 5 = -4*a + k, -3*k = a + 3. Suppose a*u + 3*m = -u + 4, 2*m = 0. List the prime factors of u.
2
Let i be 6 + (0 - (6 + -2)). Suppose -5*b = -2*o - 3, 2*o = -i*b - 11 + 1. What are the prime factors of (o/(-2))/((-16)/(-176))?
2, 11
Let l(t) = 3*t**2 + 6*t + 128. What are the prime factors of l(-40)?
2, 293
List the prime factors of (-3830)/(-11) - 64/352.
2, 3, 29
Suppose -7 = -2*n + 181. What are the prime factors of n?
2, 47
Let f = -233 + 396. List the prime factors of f.
163
Let j = 8 + -5. Let v(i) = 3 + 5*i**j + 6*i**2 - 4*i**3 + 8*i - 2*i - 2*i. List the prime factors of v(-4).
19
Let c(u) = -2*u**2 - 27*u + 27. What are the prime factors of c(-13)?
2, 5
Suppose 5*u - u = 32. Let c(b) = b**3 - 9*b**2 + 7*b + 3. Let j be c(u). What are the prime factors of (j + -13)/(6/(-4))?
2, 3
Let y be -118*(-4)/(-8)*-3. List the prime factors of y + -21 + (1 - 0).
157
Let q = 587 - 419. Let b = q - 63. List the prime factors of b.
3, 5, 7
Let b(o) = o**3 + 12*o**2 - 14*o - 15. Let n be b(-13). What are the prime factors of n/(2/(-65 - 1))?
2, 3, 11
Let m = 23 - 27. What are the prime factors of -1 - ((-7 - m) + -148 + 0)?
2, 3, 5
Suppose 4*v = 3*h - 0*v - 10490, 0 = -5*v - 25. What are the prime factors of h?
2, 5, 349
Suppose 0 = -4*f + 5 + 15. Suppose 3*h + 171 = 3*y, -y + 3*y = f*h + 108. Let o = 100 - y. List the prime factors of o.
41
Suppose -1026 = -7*s + 5295. List the prime factors of s.
3, 7, 43
Let v be 172/36 - 4/(-18). Suppose 5*z - 10 = v*p, 0 = 4*p - z - 2 - 2. Suppose 0 = -p*q + 14 + 152. What are the prime factors of q?
83
Suppose 3*u = p - 1043, 3*p = -3*u + 1143 + 2010. What are the prime factors of p?
1049
Suppose -5*v + 6 = -9. Suppose -v*i + 56 = i. What are the prime factors of i?
2, 7
Let w(k) = 56*k**3 + 1. Let q be w(-1). Let a = q + 81. Let y = a - -24. List the prime factors of y.
2, 5
Suppose 4*b - 127 = -15. Let p = b + 65. What are the prime factors of p?
3, 31
Let n(j) = 2*j**2 - 127. Let q be n(0). What are the prime factors of q/(-3) - 4/(-6)?
43
Let o(t) = -t**3 - 6*t**2 - 11*t - 10. Let c be o(-4). Suppose -y = 3*h + 4*y - 90, -c*h + y = -73. What are the prime factors of h?
5, 7
Suppose 0 = -34*y + 37*y - 3066. What are the prime factors of y?
2, 7, 73
Let d = 13 + -12. Suppose 7 - d = u. Let z = u + 15. List the prime factors of z.
3, 7
Let p(a) = -a**3 + 3*a**2 + 6*a + 6. Let j be p(4). List the prime factors of (-4 + -1)*(-70)/j.
5
Let a = -21 + 37. Suppose 6 = -3*c, -h + 5*c - a = h. Let m = 19 + h. List the prime factors of m.
2, 3
Suppose 0*u = -3*u. Suppose u = -4*i + 7 + 13. Suppose -5*r = 25, 0 = -k - 0*k + i*r + 52. What are the prime factors of k?
3
Suppose -v - 13 = -69. Let a = v - 22. What are the prime factors of a?
2, 17
Suppose 7*t - 3*t = -2*m + 1800, -5*m = -4*t + 1814. What are the prime factors of t?
11, 41
What are the prime factors of 1*(-48)/(-36)*1398?
2, 233
Let d = 24 + -9. Suppose -a - d = -6*a. List the prime factors of 3*a - (-11 - -9).
11
Suppose -4*o + 3*o - 3 = q, -3*q - 10 = 4*o. What are the prime factors of (1/o - 1)/(6/(-327))?
109
Let m(b) = 51*b + 933. What are the prime factors of m(-6)?
3, 11, 19
Let k(v) = 3*v - 6. Let o(i) = -6*i + 12. Let p(u) = 7*k(u) + 4*o(u). Let z be (14/(-3))/((-10)/(-15)). What are the prime factors of p(z)?
3
Let s = -3 + 9. Suppose 2*m - s*m = -4*r + 384, 5*r - 500 = -5*m. What are the prime factors of r?
2, 7
Let o(g) = 11*g + 18. List the prime factors of o(40).
2, 229
Suppose 4 + 12 = 4*p, 7 = n - 2*p. Suppose -4*v = n - 399. What are the prime factors of v?
2, 3
Suppose x = -x - 5*a - 49, -32 = x + 4*a. Suppose -4*u + 16 = -5*g, -4*u + u + 3*g + 9 = 0. What are the prime factors of x*((u - 1) + 0)?
2, 3
Let o(h) = -261*h - 29. What are the prime factors of o(-9)?
2, 5, 29
Let i = 25 + -15. Let b(x) = -x + 6. Let l be b(i). Let z = l - -51. What are the prime factors of z?
47
Suppose -2*b = 3*b - 20. Suppose -b*x + 2*x + 290 = 0. Suppose 4*l = x - 33. List the prime factors of l.
2, 7
Let d be 3/((-12)/20) + 38. Let p be ((-1)/((-1)/(-60)))/(-1). Let z = p - d. List the prime factors of z.
3
Let u(o) = -o**2 - 13*o - 3. Let s be (-2 - -1)/((-3)/(-21)). Let h be u(s). Let r = 9 + h. What are the prime factors of r?
2, 3
Suppose -10 = -5*z + 2*s, 3*s - 1 = 3*z - 7. Let x be 0 + 0/((-2)/z). Suppose -2*v + 2*r + 32 = x, 3*r = -2*r + 15. What are the prime factors of v?
19
What are the prime factors of -2 + (3 - -3) + 2270?
2, 3, 379
Suppose 22 = -8*i + 6*i. Let l(b) = b**2 + 10*b - 6. Let g be l(i). Suppose -24 + 82 = 4*u + g*m, 3*u = -4*m + 43. What are the prime factors of u?
17
Suppose -2*j = -49 + 13. Let s = 1 + j. Suppose 0 = -3*a + s - 7. List the prime factors of a.
2
Let k(v) = 63*v**2 + 13*v + 1. What are the prime factors of k(-3)?
23
Let z = -1 + -9. Let u = 8 - z. List the prime factors of u*1/((-6)/(-16)).
2, 3
Let g = 4517 - 3184. List the prime factors of g.
31, 43
Let z be (-2)/(-4)*(2 - -68). Let o = z - 34. What are the prime factors of (2 + -3)/(o/(-28))?
2, 7
Let w = 298 - 158. List the prime factors of w.
2, 5, 7
Let v(p) = 5*p**2 - 4*p + 3. Let s be v(2). Suppose -s = -5*f - 5*w, -4*w + 12 = -f - 0*w. Suppose f = -5*q + q + 272. What are the prime factors of q?
2, 17
Let t(j) = j**3 + 9*j**2 + 7*j - 1. Suppose -5*o + 40 = 5*b, 5 = 3*o - 7. Suppose -3*i - b - 20 = 0. What are the prime factors of t(i)?
7
What are the prime factors of 0 + (-701)/(-2) + (-18)/(-12)?
2, 11
Let i = 3473 - 1910. List the prime factors of i.
3, 521
Let z = -305 - -453. What are the prime factors of 1 + 3 + 7 + z?
3, 53
Let g = -51 - -67. Let p = g - -51. List the prime factors of p.
67
Let z(o) = -7*o**3 - 2*o**2 + o. Let r be z(1). Let h(b) = 36 - 4*b + b**3 + 15*b + 10*b**2 - 28. What are the prime factors of h(r)?
2, 3
Suppose 5349 = 4*g - 3*f, 0 = -17*g + 15*g + 5*f + 2657. What are the prime factors of g?
3, 149
Let g be (10/3 - 4)*-3. Let s(n) = 11*n**3 - n**2 + 1. List the prime factors of s(g).
5, 17
Let t = -56 + 60. Suppose -3*l - 14 = -2, 0 = t*n - 2*l - 504. List the prime factors of n.
2, 31
Let t(n) = -2*n**2 + 31*n + 41. Let v be t(17). List the prime factors of -2*25/v*6*4.
2, 3, 5
Suppose -2*i - i - 9 = 0. Let h = 8 - i. What are the prime factors of h?
11
Let s(w) = 4*w**2 - 64*w + 12. What are the prime factors of s(16)?
2, 3
Suppose 0 = 4*l + 4*m - 10472, 1533 - 14611 = -5*l - m. List the prime factors of l.
5, 523
Let g be 9*((-25)/(-15) + -1). Let d = g - -63. What are the prime factors of d?
3, 23
What are the prime factors of -4*((-3270)/8)/3?
5, 109
Let j = -116 - -185. Suppose -j = 2*t - 309. List the prime factors of t.
2, 3, 5
Suppose -322 = -2*v + 108. Suppose 3*u - 8*u + v = 0. What are the prime factors of u?
43
Let l(z) = z**2 - 1. Let v(q) = -6*q**2 - 4*q - 5. Let u(c) = -2*l(c) - v(c). Let b be u(-5). Suppose o = -2*o + b. What are the prime factors of o?
29
Suppose 11*a + 25 - 267 = 0. What are the prime factors of a?
2, 11
Suppose -5*x + 12 = g - 13, 30 = 5*x + 2*g. Suppose x*t = 3*v - 8, -3*v = -t - v - 7. Suppose 0 = -f - t + 38. What are the prime factors of f?
37
Let i = -166 + 60. Let n = 180 + i. What are the prime factors of n?
2, 37
Suppose -67399 - 139478 = -33*p. What are the prime factors of p?
6269
Let x(l) = -l**3 + l**2 + l + 42. Let z be x(0). Suppose 3*d + z = -15. Let j = -17 - d. What are the prime factors of j?
2
Let g(n) = 263*n + 230. What are the prime factors of g(4)?
2, 641
Let c(o) = -o**2 + 70*o - 689. List the prime factors of c(34).
5, 107
Let b(a) = 2*a**2 - a - 1. Let i be b(6). Suppose 186 = 5*u + 3*p, 0 = 3*p - 6. Let k = i - u. List the prime factors of k.
29
Let n = 1139 + 247. List the prime factors of n.
2, 3, 7, 11
Let o(v) be the first derivative of v**5/20 - v**4/12 - v**3/2 - v**2 + 8*v - 1. Let r(a) be the first derivative of o(a). What are the prime factors of r(3)?
7
Let 